{"id":48,"date":"2026-05-07T16:56:24","date_gmt":"2026-05-07T14:56:24","guid":{"rendered":"https:\/\/rormokarpartner.se\/?page_id=48"},"modified":"2026-05-07T18:03:48","modified_gmt":"2026-05-07T16:03:48","slug":"rormokarpartner-fixar-kunder-at-rormokare","status":"publish","type":"page","link":"https:\/\/rormokarpartner.se\/","title":{"rendered":"R\u00f6rmokarpartner &#8211; Fixar kunder \u00e5t r\u00f6rmokare"},"content":{"rendered":"\t\t<div data-elementor-type=\"wp-page\" data-elementor-id=\"48\" class=\"elementor elementor-48\" data-elementor-post-type=\"page\">\n\t\t\t\t<div class=\"elementor-element elementor-element-485d677d e-flex e-con-boxed e-con e-parent\" data-id=\"485d677d\" data-element_type=\"container\" data-e-type=\"container\" data-settings=\"{&quot;background_background&quot;:&quot;classic&quot;}\">\n\t\t\t\t\t<div class=\"e-con-inner\">\n\t\t<div class=\"elementor-element elementor-element-2be9b931 e-con-full e-flex e-con e-child\" data-id=\"2be9b931\" data-element_type=\"container\" data-e-type=\"container\">\n\t\t\t\t<div class=\"elementor-element elementor-element-86d2c56 elementor-widget elementor-widget-heading\" data-id=\"86d2c56\" data-element_type=\"widget\" data-e-type=\"widget\" data-widget_type=\"heading.default\">\n\t\t\t\t\t<h1 class=\"elementor-heading-title elementor-size-default\">Vi fixar kunderna<\/h1>\t\t\t\t<\/div>\n\t\t\t\t<div class=\"elementor-element elementor-element-6fbfbbbc elementor-widget elementor-widget-text-editor\" data-id=\"6fbfbbbc\" data-element_type=\"widget\" data-e-type=\"widget\" data-widget_type=\"text-editor.default\">\n\t\t\t\t\t\t\t\t\t<p>I ett unikt partnerskap f\u00e5r du nya kunder genom R\u00f6rmokarsystemet. Utan startkostnader, med pengarna-tillbaka-garanti inom 30 dagar.<\/p>\t\t\t\t\t\t\t\t<\/div>\n\t\t\t\t<div class=\"elementor-element elementor-element-23875055 elementor-mobile-align-center elementor-widget elementor-widget-button\" data-id=\"23875055\" data-element_type=\"widget\" data-e-type=\"widget\" data-widget_type=\"button.default\">\n\t\t\t\t\t\t\t\t\t\t<a class=\"elementor-button elementor-button-link elementor-size-sm\" href=\"#\">\n\t\t\t\t\t\t<span class=\"elementor-button-content-wrapper\">\n\t\t\t\t\t\t\t\t\t<span class=\"elementor-button-text\">Boka m\u00f6te<\/span>\n\t\t\t\t\t<\/span>\n\t\t\t\t\t<\/a>\n\t\t\t\t\t\t\t\t<\/div>\n\t\t\t\t<\/div>\n\t\t<div class=\"elementor-element elementor-element-722571ba e-con-full e-flex e-con e-child\" data-id=\"722571ba\" data-element_type=\"container\" data-e-type=\"container\">\n\t\t\t\t<div class=\"elementor-element elementor-element-7d059ca9 elementor-widget elementor-widget-image\" data-id=\"7d059ca9\" data-element_type=\"widget\" data-e-type=\"widget\" data-widget_type=\"image.default\">\n\t\t\t\t\t\t\t\t\t\t\t\t\t\t\t<img fetchpriority=\"high\" decoding=\"async\" width=\"800\" height=\"600\" src=\"https:\/\/rormokarpartner.se\/wp-content\/uploads\/2026\/05\/nojd-rormokare-1024x768.png\" class=\"attachment-large size-large wp-image-133\" alt=\"\" srcset=\"https:\/\/rormokarpartner.se\/wp-content\/uploads\/2026\/05\/nojd-rormokare-1024x768.png 1024w, https:\/\/rormokarpartner.se\/wp-content\/uploads\/2026\/05\/nojd-rormokare-300x225.png 300w, https:\/\/rormokarpartner.se\/wp-content\/uploads\/2026\/05\/nojd-rormokare-768x576.png 768w, https:\/\/rormokarpartner.se\/wp-content\/uploads\/2026\/05\/nojd-rormokare.png 1448w\" sizes=\"(max-width: 800px) 100vw, 800px\" \/>\t\t\t\t\t\t\t\t\t\t\t\t\t\t\t<\/div>\n\t\t\t\t<\/div>\n\t\t\t\t\t<\/div>\n\t\t\t\t<\/div>\n\t\t<div class=\"elementor-element elementor-element-df0c008 e-flex e-con-boxed e-con e-parent\" data-id=\"df0c008\" data-element_type=\"container\" data-e-type=\"container\">\n\t\t\t\t\t<div class=\"e-con-inner\">\n\t\t<div class=\"elementor-element elementor-element-53a997e5 e-con-full e-flex e-con e-child\" data-id=\"53a997e5\" data-element_type=\"container\" data-e-type=\"container\">\n\t\t\t\t<div class=\"elementor-element elementor-element-2cc6c504 elementor-widget elementor-widget-image\" data-id=\"2cc6c504\" data-element_type=\"widget\" data-e-type=\"widget\" data-widget_type=\"image.default\">\n\t\t\t\t\t\t\t\t\t\t\t\t\t\t\t<img decoding=\"async\" width=\"750\" height=\"500\" src=\"https:\/\/rormokarpartner.se\/wp-content\/uploads\/2026\/05\/jouren24-2026.webp\" class=\"attachment-large size-large wp-image-132\" alt=\"\" srcset=\"https:\/\/rormokarpartner.se\/wp-content\/uploads\/2026\/05\/jouren24-2026.webp 750w, https:\/\/rormokarpartner.se\/wp-content\/uploads\/2026\/05\/jouren24-2026-300x200.webp 300w\" sizes=\"(max-width: 750px) 100vw, 750px\" \/>\t\t\t\t\t\t\t\t\t\t\t\t\t\t\t<\/div>\n\t\t\t\t<\/div>\n\t\t<div class=\"elementor-element elementor-element-39688354 e-con-full e-flex e-con e-child\" data-id=\"39688354\" data-element_type=\"container\" data-e-type=\"container\">\n\t\t\t\t<div class=\"elementor-element elementor-element-18b2aefb elementor-widget elementor-widget-heading\" data-id=\"18b2aefb\" data-element_type=\"widget\" data-e-type=\"widget\" data-widget_type=\"heading.default\">\n\t\t\t\t\t<h3 class=\"elementor-heading-title elementor-size-default\">Exempelkund<\/h3>\t\t\t\t<\/div>\n\t\t\t\t<div class=\"elementor-element elementor-element-36d9a26d elementor-widget elementor-widget-text-editor\" data-id=\"36d9a26d\" data-element_type=\"widget\" data-e-type=\"widget\" data-widget_type=\"text-editor.default\">\n\t\t\t\t\t\t\t\t\t<p><a href=\"https:\/\/jouren24.se\/\" target=\"_blank\" rel=\"noopener\">Jouren24<\/a> syssels\u00e4tter flertalet r\u00f6rmokare med r\u00f6rmokarsystemet.<\/p>\t\t\t\t\t\t\t\t<\/div>\n\t\t\t\t<div class=\"elementor-element elementor-element-11a851a7 elementor-mobile-align-center elementor-widget elementor-widget-button\" data-id=\"11a851a7\" data-element_type=\"widget\" data-e-type=\"widget\" data-widget_type=\"button.default\">\n\t\t\t\t\t\t\t\t\t\t<a class=\"elementor-button elementor-button-link elementor-size-sm\" href=\"#\">\n\t\t\t\t\t\t<span class=\"elementor-button-content-wrapper\">\n\t\t\t\t\t\t\t\t\t<span class=\"elementor-button-text\">L\u00e4s mer<\/span>\n\t\t\t\t\t<\/span>\n\t\t\t\t\t<\/a>\n\t\t\t\t\t\t\t\t<\/div>\n\t\t\t\t<\/div>\n\t\t\t\t\t<\/div>\n\t\t\t\t<\/div>\n\t\t<div class=\"elementor-element elementor-element-1972d060 e-flex e-con-boxed e-con e-parent\" data-id=\"1972d060\" data-element_type=\"container\" data-e-type=\"container\">\n\t\t\t\t\t<div class=\"e-con-inner\">\n\t\t<div class=\"elementor-element elementor-element-307bc314 e-flex e-con-boxed e-con e-child\" data-id=\"307bc314\" data-element_type=\"container\" data-e-type=\"container\">\n\t\t\t\t\t<div class=\"e-con-inner\">\n\t\t\t\t<div class=\"elementor-element elementor-element-3a71aeeb elementor-widget elementor-widget-heading\" data-id=\"3a71aeeb\" data-element_type=\"widget\" data-e-type=\"widget\" data-widget_type=\"heading.default\">\n\t\t\t\t\t<h3 class=\"elementor-heading-title elementor-size-default\">Detta ing\u00e5r<\/h3>\t\t\t\t<\/div>\n\t\t\t\t<div class=\"elementor-element elementor-element-17920986 elementor-widget elementor-widget-heading\" data-id=\"17920986\" data-element_type=\"widget\" data-e-type=\"widget\" data-widget_type=\"heading.default\">\n\t\t\t\t\t<p class=\"elementor-heading-title elementor-size-default\">Vi s\u00e4tter upp allt - du f\u00e5r systemet. Utan n\u00e5gra startkostnader.<\/p>\t\t\t\t<\/div>\n\t\t\t\t\t<\/div>\n\t\t\t\t<\/div>\n\t\t<div class=\"elementor-element elementor-element-6b741544 e-con-full e-flex e-con e-child\" data-id=\"6b741544\" data-element_type=\"container\" data-e-type=\"container\">\n\t\t\t\t<div class=\"elementor-element elementor-element-5722a3b5 elementor-widget__width-initial elementor-widget-mobile__width-inherit elementor-position-top elementor-widget elementor-widget-image-box\" data-id=\"5722a3b5\" data-element_type=\"widget\" data-e-type=\"widget\" data-widget_type=\"image-box.default\">\n\t\t\t\t\t<div class=\"elementor-image-box-wrapper\"><figure class=\"elementor-image-box-img\"><a href=\"#\" tabindex=\"-1\"><img decoding=\"async\" width=\"1672\" height=\"941\" src=\"https:\/\/rormokarpartner.se\/wp-content\/uploads\/2026\/05\/rormokarepartner-googler-ads.png\" class=\"elementor-animation-grow attachment-full size-full wp-image-134\" alt=\"\" srcset=\"https:\/\/rormokarpartner.se\/wp-content\/uploads\/2026\/05\/rormokarepartner-googler-ads.png 1672w, https:\/\/rormokarpartner.se\/wp-content\/uploads\/2026\/05\/rormokarepartner-googler-ads-300x169.png 300w, https:\/\/rormokarpartner.se\/wp-content\/uploads\/2026\/05\/rormokarepartner-googler-ads-1024x576.png 1024w, https:\/\/rormokarpartner.se\/wp-content\/uploads\/2026\/05\/rormokarepartner-googler-ads-768x432.png 768w, https:\/\/rormokarpartner.se\/wp-content\/uploads\/2026\/05\/rormokarepartner-googler-ads-1536x864.png 1536w\" sizes=\"(max-width: 1672px) 100vw, 1672px\" \/><\/a><\/figure><div class=\"elementor-image-box-content\"><h4 class=\"elementor-image-box-title\"><a href=\"#\">Kampanj<\/a><\/h4><p class=\"elementor-image-box-description\">Med mer \u00e4n 4 miljoner spenderat p\u00e5 annonseringen vet vi hur en slipsten ska dras.<\/p><\/div><\/div>\t\t\t\t<\/div>\n\t\t\t\t<div class=\"elementor-element elementor-element-27b9790f elementor-widget__width-initial elementor-widget-mobile__width-inherit elementor-position-top elementor-widget elementor-widget-image-box\" data-id=\"27b9790f\" data-element_type=\"widget\" data-e-type=\"widget\" data-widget_type=\"image-box.default\">\n\t\t\t\t\t<div class=\"elementor-image-box-wrapper\"><figure class=\"elementor-image-box-img\"><a href=\"#\" tabindex=\"-1\"><img loading=\"lazy\" decoding=\"async\" width=\"1672\" height=\"941\" src=\"https:\/\/rormokarpartner.se\/wp-content\/uploads\/2026\/05\/rormokarpartner-hemsida.png\" class=\"elementor-animation-grow attachment-full size-full wp-image-137\" alt=\"\" srcset=\"https:\/\/rormokarpartner.se\/wp-content\/uploads\/2026\/05\/rormokarpartner-hemsida.png 1672w, https:\/\/rormokarpartner.se\/wp-content\/uploads\/2026\/05\/rormokarpartner-hemsida-300x169.png 300w, https:\/\/rormokarpartner.se\/wp-content\/uploads\/2026\/05\/rormokarpartner-hemsida-1024x576.png 1024w, https:\/\/rormokarpartner.se\/wp-content\/uploads\/2026\/05\/rormokarpartner-hemsida-768x432.png 768w, https:\/\/rormokarpartner.se\/wp-content\/uploads\/2026\/05\/rormokarpartner-hemsida-1536x864.png 1536w\" sizes=\"(max-width: 1672px) 100vw, 1672px\" \/><\/a><\/figure><div class=\"elementor-image-box-content\"><h4 class=\"elementor-image-box-title\"><a href=\"#\">Hemsida<\/a><\/h4><p class=\"elementor-image-box-description\">Genom tusentals bes\u00f6kare har vi tagit fram en modell som g\u00f6r bes\u00f6kare till kunder.<\/p><\/div><\/div>\t\t\t\t<\/div>\n\t\t\t\t<div class=\"elementor-element elementor-element-7c9d99ce elementor-widget__width-initial elementor-widget-mobile__width-inherit elementor-position-top elementor-widget elementor-widget-image-box\" data-id=\"7c9d99ce\" data-element_type=\"widget\" data-e-type=\"widget\" data-widget_type=\"image-box.default\">\n\t\t\t\t\t<div class=\"elementor-image-box-wrapper\"><figure class=\"elementor-image-box-img\"><a href=\"#\" tabindex=\"-1\"><img loading=\"lazy\" decoding=\"async\" width=\"1536\" height=\"1024\" src=\"https:\/\/rormokarpartner.se\/wp-content\/uploads\/2026\/05\/rormokarepartner-affarsmodell.png\" class=\"elementor-animation-grow attachment-full size-full wp-image-136\" alt=\"\" srcset=\"https:\/\/rormokarpartner.se\/wp-content\/uploads\/2026\/05\/rormokarepartner-affarsmodell.png 1536w, https:\/\/rormokarpartner.se\/wp-content\/uploads\/2026\/05\/rormokarepartner-affarsmodell-300x200.png 300w, https:\/\/rormokarpartner.se\/wp-content\/uploads\/2026\/05\/rormokarepartner-affarsmodell-1024x683.png 1024w, https:\/\/rormokarpartner.se\/wp-content\/uploads\/2026\/05\/rormokarepartner-affarsmodell-768x512.png 768w\" sizes=\"(max-width: 1536px) 100vw, 1536px\" \/><\/a><\/figure><div class=\"elementor-image-box-content\"><h4 class=\"elementor-image-box-title\"><a href=\"#\">Aff\u00e4rsmodell<\/a><\/h4><p class=\"elementor-image-box-description\">VI vet vad du kan ta betalt och vilka insatser som \u00e4r mest popul\u00e4ra.<\/p><\/div><\/div>\t\t\t\t<\/div>\n\t\t\t\t<div class=\"elementor-element elementor-element-72a1092c elementor-widget__width-initial elementor-widget-mobile__width-inherit elementor-position-top elementor-widget elementor-widget-image-box\" data-id=\"72a1092c\" data-element_type=\"widget\" data-e-type=\"widget\" data-widget_type=\"image-box.default\">\n\t\t\t\t\t<div class=\"elementor-image-box-wrapper\"><figure class=\"elementor-image-box-img\"><a href=\"#\" tabindex=\"-1\"><img loading=\"lazy\" decoding=\"async\" width=\"1448\" height=\"1086\" src=\"https:\/\/rormokarpartner.se\/wp-content\/uploads\/2026\/05\/rormokarpartner-annat.png\" class=\"elementor-animation-grow attachment-full size-full wp-image-138\" alt=\"\" srcset=\"https:\/\/rormokarpartner.se\/wp-content\/uploads\/2026\/05\/rormokarpartner-annat.png 1448w, https:\/\/rormokarpartner.se\/wp-content\/uploads\/2026\/05\/rormokarpartner-annat-300x225.png 300w, https:\/\/rormokarpartner.se\/wp-content\/uploads\/2026\/05\/rormokarpartner-annat-1024x768.png 1024w, https:\/\/rormokarpartner.se\/wp-content\/uploads\/2026\/05\/rormokarpartner-annat-768x576.png 768w\" sizes=\"(max-width: 1448px) 100vw, 1448px\" \/><\/a><\/figure><div class=\"elementor-image-box-content\"><h4 class=\"elementor-image-box-title\"><a href=\"#\">+ Mer<\/a><\/h4><p class=\"elementor-image-box-description\">Kundomd\u00f6men, sp\u00e5rning, GDPR, st\u00e4ndig f\u00f6rb\u00e4ttringar - ja, allt ing\u00e5r.<\/p><\/div><\/div>\t\t\t\t<\/div>\n\t\t\t\t<\/div>\n\t\t\t\t\t<\/div>\n\t\t\t\t<\/div>\n\t\t<div class=\"elementor-element elementor-element-3508d035 e-con-full e-flex e-con e-parent\" data-id=\"3508d035\" data-element_type=\"container\" data-e-type=\"container\">\n\t\t<div class=\"elementor-element elementor-element-776b0f8b e-con-full e-flex e-con e-child\" data-id=\"776b0f8b\" data-element_type=\"container\" data-e-type=\"container\">\n\t\t\t\t<div class=\"elementor-element elementor-element-124c5cd9 elementor-hidden-mobile elementor-widget elementor-widget-image\" data-id=\"124c5cd9\" data-element_type=\"widget\" data-e-type=\"widget\" data-widget_type=\"image.default\">\n\t\t\t\t\t\t\t\t\t\t\t\t\t\t\t<img loading=\"lazy\" decoding=\"async\" width=\"683\" height=\"600\" src=\"https:\/\/rormokarpartner.se\/wp-content\/uploads\/2026\/05\/Image_Placeholder-about-1.jpeg\" class=\"attachment-large size-large wp-image-130\" alt=\"\" srcset=\"https:\/\/rormokarpartner.se\/wp-content\/uploads\/2026\/05\/Image_Placeholder-about-1.jpeg 683w, https:\/\/rormokarpartner.se\/wp-content\/uploads\/2026\/05\/Image_Placeholder-about-1-300x264.jpeg 300w\" sizes=\"(max-width: 683px) 100vw, 683px\" \/>\t\t\t\t\t\t\t\t\t\t\t\t\t\t\t<\/div>\n\t\t\t\t<\/div>\n\t\t<div class=\"elementor-element elementor-element-2fe6cd14 e-con-full e-flex e-con e-child\" data-id=\"2fe6cd14\" data-element_type=\"container\" data-e-type=\"container\">\n\t\t\t\t<div class=\"elementor-element elementor-element-4d410ef2 elementor-widget elementor-widget-heading\" data-id=\"4d410ef2\" data-element_type=\"widget\" data-e-type=\"widget\" data-widget_type=\"heading.default\">\n\t\t\t\t\t<h3 class=\"elementor-heading-title elementor-size-default\">Kostar?<\/h3>\t\t\t\t<\/div>\n\t\t\t\t<div class=\"elementor-element elementor-element-49c4a358 elementor-widget elementor-widget-text-editor\" data-id=\"49c4a358\" data-element_type=\"widget\" data-e-type=\"widget\" data-widget_type=\"text-editor.default\">\n\t\t\t\t\t\t\t\t\t<p>Vi tar 30% av det du spenderar p\u00e5 annonsering. G\u00f6r vi ett bra jobb tj\u00e4nar du mer och vill f\u00f6rhoppningsvis spendera mer. D\u00e5 tj\u00e4nar vi mer! Win-win.<\/p>\t\t\t\t\t\t\t\t<\/div>\n\t\t\t\t<\/div>\n\t\t\t\t<\/div>\n\t\t<div class=\"elementor-element elementor-element-1408a894 e-flex e-con-boxed e-con e-parent\" data-id=\"1408a894\" data-element_type=\"container\" data-e-type=\"container\" data-settings=\"{&quot;background_background&quot;:&quot;classic&quot;}\">\n\t\t\t\t\t<div class=\"e-con-inner\">\n\t\t\t\t<div class=\"elementor-element elementor-element-38f557a elementor-widget elementor-widget-heading\" data-id=\"38f557a\" data-element_type=\"widget\" data-e-type=\"widget\" data-widget_type=\"heading.default\">\n\t\t\t\t\t<h3 class=\"elementor-heading-title elementor-size-default\">Varf\u00f6r oss?<\/h3>\t\t\t\t<\/div>\n\t\t<div class=\"elementor-element elementor-element-7f2bbd0 e-con-full e-flex e-con e-child\" data-id=\"7f2bbd0\" data-element_type=\"container\" data-e-type=\"container\">\n\t\t\t\t<div class=\"elementor-element elementor-element-77e77968 elementor-widget__width-initial elementor-widget elementor-widget-icon-box\" data-id=\"77e77968\" data-element_type=\"widget\" data-e-type=\"widget\" data-widget_type=\"icon-box.default\">\n\t\t\t\t\t\t\t<div class=\"elementor-icon-box-wrapper\">\n\n\t\t\t\n\t\t\t\t\t\t<div class=\"elementor-icon-box-content\">\n\n\t\t\t\t\t\t\t\t\t<h4 class=\"elementor-icon-box-title\">\n\t\t\t\t\t\t<span  >\n\t\t\t\t\t\t\tErfarna\t\t\t\t\t\t<\/span>\n\t\t\t\t\t<\/h4>\n\t\t\t\t\n\t\t\t\t\t\t\t\t\t<p class=\"elementor-icon-box-description\">\n\t\t\t\t\t\tVi har 10+ \u00e5rs erfarenhet av kundanskaffning.\t\t\t\t\t<\/p>\n\t\t\t\t\n\t\t\t<\/div>\n\t\t\t\n\t\t<\/div>\n\t\t\t\t\t\t<\/div>\n\t\t\t\t<div class=\"elementor-element elementor-element-37d55a4 elementor-widget__width-initial elementor-widget elementor-widget-icon-box\" data-id=\"37d55a4\" data-element_type=\"widget\" data-e-type=\"widget\" data-widget_type=\"icon-box.default\">\n\t\t\t\t\t\t\t<div class=\"elementor-icon-box-wrapper\">\n\n\t\t\t\n\t\t\t\t\t\t<div class=\"elementor-icon-box-content\">\n\n\t\t\t\t\t\t\t\t\t<h4 class=\"elementor-icon-box-title\">\n\t\t\t\t\t\t<span  >\n\t\t\t\t\t\t\tIngen risk\t\t\t\t\t\t<\/span>\n\t\t\t\t\t<\/h4>\n\t\t\t\t\n\t\t\t\t\t\t\t\t\t<p class=\"elementor-icon-box-description\">\n\t\t\t\t\t\tInga startkostnader och pengarna tillbaka inom 30 dagar.\t\t\t\t\t<\/p>\n\t\t\t\t\n\t\t\t<\/div>\n\t\t\t\n\t\t<\/div>\n\t\t\t\t\t\t<\/div>\n\t\t\t\t<div class=\"elementor-element elementor-element-4f623ee3 elementor-widget__width-initial elementor-widget elementor-widget-icon-box\" data-id=\"4f623ee3\" data-element_type=\"widget\" data-e-type=\"widget\" data-widget_type=\"icon-box.default\">\n\t\t\t\t\t\t\t<div class=\"elementor-icon-box-wrapper\">\n\n\t\t\t\n\t\t\t\t\t\t<div class=\"elementor-icon-box-content\">\n\n\t\t\t\t\t\t\t\t\t<h4 class=\"elementor-icon-box-title\">\n\t\t\t\t\t\t<span  >\n\t\t\t\t\t\t\tHungriga\t\t\t\t\t\t<\/span>\n\t\t\t\t\t<\/h4>\n\t\t\t\t\n\t\t\t\t\t\t\t\t\t<p class=\"elementor-icon-box-description\">\n\t\t\t\t\t\tV\u00e5rt m\u00e5l \u00e4r st\u00e4ndig f\u00f6rb\u00e4ttring. F\u00f6r dig.\t\t\t\t\t<\/p>\n\t\t\t\t\n\t\t\t<\/div>\n\t\t\t\n\t\t<\/div>\n\t\t\t\t\t\t<\/div>\n\t\t\t\t<div class=\"elementor-element elementor-element-b88621c elementor-widget__width-initial elementor-widget elementor-widget-icon-box\" data-id=\"b88621c\" data-element_type=\"widget\" data-e-type=\"widget\" data-widget_type=\"icon-box.default\">\n\t\t\t\t\t\t\t<div class=\"elementor-icon-box-wrapper\">\n\n\t\t\t\n\t\t\t\t\t\t<div class=\"elementor-icon-box-content\">\n\n\t\t\t\t\t\t\t\t\t<h4 class=\"elementor-icon-box-title\">\n\t\t\t\t\t\t<span  >\n\t\t\t\t\t\t\tWin-win\t\t\t\t\t\t<\/span>\n\t\t\t\t\t<\/h4>\n\t\t\t\t\n\t\t\t\t\t\t\t\t\t<p class=\"elementor-icon-box-description\">\n\t\t\t\t\t\tG\u00e5r det bra f\u00f6r oss, g\u00e5r det bra f\u00f6r dig. Och vice versa.\t\t\t\t\t<\/p>\n\t\t\t\t\n\t\t\t<\/div>\n\t\t\t\n\t\t<\/div>\n\t\t\t\t\t\t<\/div>\n\t\t\t\t<\/div>\n\t\t\t\t\t<\/div>\n\t\t\t\t<\/div>\n\t\t<div class=\"elementor-element elementor-element-2bf83cb8 e-flex e-con-boxed e-con e-parent\" data-id=\"2bf83cb8\" data-element_type=\"container\" data-e-type=\"container\">\n\t\t\t\t\t<div class=\"e-con-inner\">\n\t\t\t\t<div class=\"elementor-element elementor-element-137b95b elementor-widget elementor-widget-heading\" data-id=\"137b95b\" data-element_type=\"widget\" data-e-type=\"widget\" data-widget_type=\"heading.default\">\n\t\t\t\t\t<h3 class=\"elementor-heading-title elementor-size-default\">Kom ig\u00e5ng<\/h3>\t\t\t\t<\/div>\n\t\t<div class=\"elementor-element elementor-element-495b0959 e-con-full e-flex e-con e-child\" data-id=\"495b0959\" data-element_type=\"container\" data-e-type=\"container\">\n\t\t\t\t<div class=\"elementor-element elementor-element-cac8c14 elementor-widget__width-initial elementor-widget-tablet__width-inherit elementor-widget elementor-widget-testimonial\" data-id=\"cac8c14\" data-element_type=\"widget\" data-e-type=\"widget\" data-widget_type=\"testimonial.default\">\n\t\t\t\t\t\t\t<div class=\"elementor-testimonial-wrapper\">\n\t\t\t\t\t\t\t<div class=\"elementor-testimonial-content\">Vi v\u00e4ljer ut en r\u00f6rmokare per stad och \u00e4r du och vi en match skriver p\u00e5 ett avtal!<\/div>\n\t\t\t\n\t\t\t\t\t\t<div class=\"elementor-testimonial-meta elementor-has-image elementor-testimonial-image-position-aside\">\n\t\t\t\t<div class=\"elementor-testimonial-meta-inner\">\n\t\t\t\t\t\t\t\t\t\t\t<div class=\"elementor-testimonial-image\">\n\t\t\t\t\t\t\t<img loading=\"lazy\" decoding=\"async\" width=\"403\" height=\"403\" src=\"https:\/\/rormokarpartner.se\/wp-content\/uploads\/2026\/05\/rormokarpartner-1.png\" class=\"attachment-full size-full wp-image-146\" alt=\"\" srcset=\"https:\/\/rormokarpartner.se\/wp-content\/uploads\/2026\/05\/rormokarpartner-1.png 403w, https:\/\/rormokarpartner.se\/wp-content\/uploads\/2026\/05\/rormokarpartner-1-300x300.png 300w, https:\/\/rormokarpartner.se\/wp-content\/uploads\/2026\/05\/rormokarpartner-1-150x150.png 150w\" sizes=\"(max-width: 403px) 100vw, 403px\" \/>\t\t\t\t\t\t<\/div>\n\t\t\t\t\t\n\t\t\t\t\t\t\t\t\t\t<div class=\"elementor-testimonial-details\">\n\t\t\t\t\t\t\t\t\t\t\t\t\t\t<div class=\"elementor-testimonial-name\">30 minuter<\/div>\n\t\t\t\t\t\t\t\t\t\t\t\t\t\t\t\t\t\t\t<\/div>\n\t\t\t\t\t\t\t\t\t<\/div>\n\t\t\t<\/div>\n\t\t\t\t\t<\/div>\n\t\t\t\t\t\t<\/div>\n\t\t\t\t<div class=\"elementor-element elementor-element-1311aafe elementor-widget__width-initial elementor-widget-tablet__width-inherit elementor-widget elementor-widget-testimonial\" data-id=\"1311aafe\" data-element_type=\"widget\" data-e-type=\"widget\" data-widget_type=\"testimonial.default\">\n\t\t\t\t\t\t\t<div class=\"elementor-testimonial-wrapper\">\n\t\t\t\t\t\t\t<div class=\"elementor-testimonial-content\">Vi fixar kampanj, hemsida och annat som beh\u00f6vs och ser till att samtal och kundmejl kommer till dig.<\/div>\n\t\t\t\n\t\t\t\t\t\t<div class=\"elementor-testimonial-meta elementor-has-image elementor-testimonial-image-position-aside\">\n\t\t\t\t<div class=\"elementor-testimonial-meta-inner\">\n\t\t\t\t\t\t\t\t\t\t\t<div class=\"elementor-testimonial-image\">\n\t\t\t\t\t\t\t<img loading=\"lazy\" decoding=\"async\" width=\"403\" height=\"403\" src=\"https:\/\/rormokarpartner.se\/wp-content\/uploads\/2026\/05\/rormokarpartner-2.png\" class=\"attachment-full size-full wp-image-147\" alt=\"\" srcset=\"https:\/\/rormokarpartner.se\/wp-content\/uploads\/2026\/05\/rormokarpartner-2.png 403w, https:\/\/rormokarpartner.se\/wp-content\/uploads\/2026\/05\/rormokarpartner-2-300x300.png 300w, https:\/\/rormokarpartner.se\/wp-content\/uploads\/2026\/05\/rormokarpartner-2-150x150.png 150w\" sizes=\"(max-width: 403px) 100vw, 403px\" \/>\t\t\t\t\t\t<\/div>\n\t\t\t\t\t\n\t\t\t\t\t\t\t\t\t\t<div class=\"elementor-testimonial-details\">\n\t\t\t\t\t\t\t\t\t\t\t\t\t\t<div class=\"elementor-testimonial-name\">1-2 veckor<\/div>\n\t\t\t\t\t\t\t\t\t\t\t\t\t\t\t\t\t\t\t<\/div>\n\t\t\t\t\t\t\t\t\t<\/div>\n\t\t\t<\/div>\n\t\t\t\t\t<\/div>\n\t\t\t\t\t\t<\/div>\n\t\t\t\t<div class=\"elementor-element elementor-element-2af0ca6f elementor-widget__width-initial elementor-widget-tablet__width-inherit elementor-widget elementor-widget-testimonial\" data-id=\"2af0ca6f\" data-element_type=\"widget\" data-e-type=\"widget\" data-widget_type=\"testimonial.default\">\n\t\t\t\t\t\t\t<div class=\"elementor-testimonial-wrapper\">\n\t\t\t\t\t\t\t<div class=\"elementor-testimonial-content\">Du f\u00f6rbetalar din marknadsf\u00f6ringskostnad, sen s\u00e4tter vi ig\u00e5ng och l\u00e5ter kunderna h\u00f6ra av sig!<\/div>\n\t\t\t\n\t\t\t\t\t\t<div class=\"elementor-testimonial-meta elementor-has-image elementor-testimonial-image-position-aside\">\n\t\t\t\t<div class=\"elementor-testimonial-meta-inner\">\n\t\t\t\t\t\t\t\t\t\t\t<div class=\"elementor-testimonial-image\">\n\t\t\t\t\t\t\t<img loading=\"lazy\" decoding=\"async\" width=\"403\" height=\"403\" src=\"https:\/\/rormokarpartner.se\/wp-content\/uploads\/2026\/05\/rormokarpartner-3.png\" class=\"attachment-full size-full wp-image-148\" alt=\"\" srcset=\"https:\/\/rormokarpartner.se\/wp-content\/uploads\/2026\/05\/rormokarpartner-3.png 403w, https:\/\/rormokarpartner.se\/wp-content\/uploads\/2026\/05\/rormokarpartner-3-300x300.png 300w, https:\/\/rormokarpartner.se\/wp-content\/uploads\/2026\/05\/rormokarpartner-3-150x150.png 150w\" sizes=\"(max-width: 403px) 100vw, 403px\" \/>\t\t\t\t\t\t<\/div>\n\t\t\t\t\t\n\t\t\t\t\t\t\t\t\t\t<div class=\"elementor-testimonial-details\">\n\t\t\t\t\t\t\t\t\t\t\t\t\t\t<div class=\"elementor-testimonial-name\">1-2 dagar<\/div>\n\t\t\t\t\t\t\t\t\t\t\t\t\t\t\t\t\t\t\t<\/div>\n\t\t\t\t\t\t\t\t\t<\/div>\n\t\t\t<\/div>\n\t\t\t\t\t<\/div>\n\t\t\t\t\t\t<\/div>\n\t\t\t\t<\/div>\n\t\t\t\t\t<\/div>\n\t\t\t\t<\/div>\n\t\t\t\t<\/div>\n\t\t","protected":false},"excerpt":{"rendered":"<p>Vi fixar kunderna I ett unikt partnerskap f\u00e5r du nya kunder genom R\u00f6rmokarsystemet. Utan startkostnader, med pengarna-tillbaka-garanti inom 30 dagar. Boka m\u00f6te Exempelkund Jouren24 syssels\u00e4tter flertalet r\u00f6rmokare med r\u00f6rmokarsystemet. L\u00e4s mer Detta ing\u00e5r Vi s\u00e4tter upp allt &#8211; du f\u00e5r systemet. Utan n\u00e5gra startkostnader. Kampanj Med mer \u00e4n 4 miljoner spenderat p\u00e5 annonseringen vet vi [&hellip;]<\/p>\n","protected":false},"author":1,"featured_media":0,"parent":0,"menu_order":0,"comment_status":"closed","ping_status":"closed","template":"","meta":{"footnotes":""},"class_list":["post-48","page","type-page","status-publish","hentry"],"_links":{"self":[{"href":"https:\/\/rormokarpartner.se\/index.php?rest_route=\/wp\/v2\/pages\/48","targetHints":{"allow":["GET"]}}],"collection":[{"href":"https:\/\/rormokarpartner.se\/index.php?rest_route=\/wp\/v2\/pages"}],"about":[{"href":"https:\/\/rormokarpartner.se\/index.php?rest_route=\/wp\/v2\/types\/page"}],"author":[{"embeddable":true,"href":"https:\/\/rormokarpartner.se\/index.php?rest_route=\/wp\/v2\/users\/1"}],"replies":[{"embeddable":true,"href":"https:\/\/rormokarpartner.se\/index.php?rest_route=%2Fwp%2Fv2%2Fcomments&post=48"}],"version-history":[{"count":19,"href":"https:\/\/rormokarpartner.se\/index.php?rest_route=\/wp\/v2\/pages\/48\/revisions"}],"predecessor-version":[{"id":168,"href":"https:\/\/rormokarpartner.se\/index.php?rest_route=\/wp\/v2\/pages\/48\/revisions\/168"}],"wp:attachment":[{"href":"https:\/\/rormokarpartner.se\/index.php?rest_route=%2Fwp%2Fv2%2Fmedia&parent=48"}],"curies":[{"name":"wp","href":"https:\/\/api.w.org\/{rel}","templated":true}]}}